{"id":65,"date":"2020-12-04T14:08:04","date_gmt":"2020-12-04T14:08:04","guid":{"rendered":"http:\/\/blog.cbs.dk\/greensort\/?page_id=65"},"modified":"2021-07-16T08:27:16","modified_gmt":"2021-07-16T08:27:16","slug":"current-projects","status":"publish","type":"page","link":"https:\/\/blog.cbs.dk\/greensort\/current-projects\/","title":{"rendered":"Current projects"},"content":{"rendered":"\n<p class=\"has-medium-font-size\"><strong>Karin Buhmann<\/strong><\/p>\n\n\n\n<p><em>Selected research projects:<\/em><\/p>\n\n\n\n<ul class=\"wp-block-list\"><li>2021-2022 (with extension through 2024 likely) Grant holder and project leader (PI), project \u2018Towards a socially just transition in the Arctic: Exploring, theorizing and disseminating best practice in meaningful stakeholder engagement for communities\u2019 funded by the Nordic Council of Ministers\/Nordregio Arctic Cooperation Programme, 400,000 DKK in year one (extension with 500,000 DKK in year 2 and 500,000 DKK in year 3 expected)<\/li><\/ul>\n\n\n\n<ul class=\"wp-block-list\"><li>2021-2026: Member of research team for project under Canadian SSHRC Insight Grant, project \u2018Meaningful Stakeholder Engagement in Resource-Rich Economies\u2019, grant holder\/PI Dr Nathan Andrews, University of Northern British Columbia<\/li><\/ul>\n\n\n\n<ul class=\"wp-block-list\"><li>2018-2022: Grant holder and project leader (PI) for international network project \u201cNatural resources, risk-based due diligence, stakeholder engagement and public participation in decision-making: building comparative Arctic-Global South sustainability research\u201d grant DKK 283.477 funded by the Danish Ministry for Science and Education<\/li><\/ul>\n\n\n\n<ul class=\"wp-block-list\"><li>2018-2022: Grant holder and project leader (PI) for NOS-HS project \u201cBest practice for Impact Assessment of infrastructure projects in the Nordic Arctic: Popular participation and local needs, concerns and benefits\u201d grant SEK 450.000 for three workshops (Greenland, Denmark, Sweden\/Norway Sami area).<\/li><\/ul>\n\n\n\n<ul class=\"wp-block-list\"><li>2017-2022 Grant holder and project leader (PI) for project \u201cActivities under UArctic Thematic Network on Arctic Sustainable Resources and Social Responsibility (Thematic Network ASRSR)\u201d: grant DKK 481,381 awarded by UArctic and the Danish Ministry of Education and Science<\/li><\/ul>\n\n\n\n<p class=\"has-medium-font-size\"><strong>Rachael Lorna Johnstone<\/strong><\/p>\n\n\n\n<p><em>Selected research projects:<\/em><\/p>\n\n\n\n<ul class=\"wp-block-list\"><li>Perspectives on colonialism in Greenland Project Manager: Rachael Lorna Johnstone Funding Agency: Research Fund of the University of Akureyri Duration: 2021-22<\/li><\/ul>\n\n\n\n<p><em>Links:<\/em><\/p>\n\n\n\n<p><a href=\"https:\/\/www.unak.is\/english\/moya\/ugla\/staff\/rachael-lorna-johnstone\">https:\/\/www.unak.is\/english\/moya\/ugla\/staff\/rachael-lorna-johnstone<\/a> (University of Akureyri) <\/p>\n\n\n\n<p><a href=\"https:\/\/uk.uni.gl\/find-employee\/department-of-law\/rachael-lorna-johnstone.aspx\">https:\/\/uk.uni.gl\/find-employee\/department-of-law\/rachael-lorna-johnstone.aspx<\/a> (University of Greenland)<\/p>\n\n\n\n<p class=\"has-medium-font-size\"><strong>Prof. Mark CJ Stoddart<\/strong> (he\/him)<\/p>\n\n\n\n<p><em>Selected research projects:<\/em><\/p>\n\n\n\n<ul class=\"wp-block-list\"><li>The Oil-Tourism Interface and Social-Ecological Change in the North Atlantic. Mark C.J. Stoddart, Principal Investigator, Social Sciences and Humanities Research Council (SSHRC), 2015-2022.<\/li><\/ul>\n\n\n\n<p>Title:\u00a0Meaningful Stakeholder Engagement in Resource-Rich Communities: Comparative Cases from the\u00a0Global South and High North. Duration: 2021-2026. Amount: CAD $291,579- Agency: Social Sciences and Humanities Research Council of Canada. Research Team: Nathan Andrews (PI), Mark Stoddart (Co-I), Paul Haslam (Co-I), Karin Buhmann (Collab), Ibironke\u00a0Odumosu-Ayanu (Collab),\u00a0Rajiv Maher (Collab), Anna-Sofie\u00a0Skjervedal (Collab), Anne Johnson (Collab), Penelope Simons (Collab), Nancy\u00a0Y\u00e1\u00f1ez (Collab).\u00a0<\/p>\n\n\n\n<p>Links:<\/p>\n\n\n\n<p><a href=\"https:\/\/www.mun.ca\/soc\/people\/faculty-profiles\/mark-c-j-stoddart.php\">https:\/\/www.mun.ca\/soc\/people\/faculty-profiles\/mark-c-j-stoddart.php<\/a><\/p>\n\n\n\n<p class=\"has-medium-font-size\"><strong>Doroth\u00e9e Cambou <\/strong><\/p>\n\n\n\n<p><em>Selected research projects:<\/em><\/p>\n\n\n\n<ul class=\"wp-block-list\"><li>Transitioning towards a sustainable Nordic Society: Assessing and monitoring the implementation of the rights of the Indigenous S\u00e1mi people as a means to achieve inclusive and sustainable development. Cambou, D., Ravna, \u00d8., Hein\u00e4m\u00e4ki, L. &amp; Br\u00e4nnstr\u00f6m, M. NOS-HS: Joint Committee for Nordic Research Councils for Humanities and Social Sciences 01\/01\/2019 \u2192 01\/06\/2022. <a href=\"https:\/\/blogs.helsinki.fi\/norsil-network\/\">https:\/\/blogs.helsinki.fi\/norsil-network\/<\/a><\/li><li>CASES: Community Appropriate Sustainable Energy Security (CASES) Partnership Poelzer, G. &amp; Cambou (as partner), D. 01\/09\/2019 \u2192 \u2026 <a href=\"https:\/\/renewableenergy.usask.ca\/Projects\/CASES.php\">https:\/\/renewableenergy.usask.ca\/Projects\/CASES.php<\/a><\/li><li>Strategic litigation based on indigenous peoples\u2019 rights: a viable option to force States to act against climate change? Smis, S., Cambou, D. &amp; Renglet, C. 01\/01\/2020 \u2192 31\/12\/2023. Vrije Universiteit Brussels. Funding from Research Foundation Flanders<\/li><\/ul>\n\n\n\n<p><em>Links:<\/em><\/p>\n\n\n\n<p><a href=\"https:\/\/researchportal.helsinki.fi\/en\/persons\/dorothee-cambou\">https:\/\/researchportal.helsinki.fi\/en\/persons\/dorothee-cambou<\/a><\/p>\n","protected":false},"excerpt":{"rendered":"<p>Karin Buhmann Selected research projects: 2021-2022 (with extension through 2024 likely) Grant holder and project leader (PI), project \u2018Towards a socially just transition in the Arctic: Exploring, theorizing and disseminating best practice in meaningful stakeholder engagement for communities\u2019 funded by the Nordic Council of Ministers\/Nordregio Arctic Cooperation Programme, 400,000 DKK in year one (extension with &hellip; <a href=\"https:\/\/blog.cbs.dk\/greensort\/current-projects\/\" class=\"more-link\">Continue reading <span class=\"screen-reader-text\">Current projects<\/span> <span class=\"meta-nav\">&rarr;<\/span><\/a><\/p>\n","protected":false},"author":1,"featured_media":0,"parent":0,"menu_order":0,"comment_status":"closed","ping_status":"closed","template":"","meta":{"footnotes":""},"class_list":["post-65","page","type-page","status-publish","hentry"],"_links":{"self":[{"href":"https:\/\/blog.cbs.dk\/greensort\/wp-json\/wp\/v2\/pages\/65","targetHints":{"allow":["GET"]}}],"collection":[{"href":"https:\/\/blog.cbs.dk\/greensort\/wp-json\/wp\/v2\/pages"}],"about":[{"href":"https:\/\/blog.cbs.dk\/greensort\/wp-json\/wp\/v2\/types\/page"}],"author":[{"embeddable":true,"href":"https:\/\/blog.cbs.dk\/greensort\/wp-json\/wp\/v2\/users\/1"}],"replies":[{"embeddable":true,"href":"https:\/\/blog.cbs.dk\/greensort\/wp-json\/wp\/v2\/comments?post=65"}],"version-history":[{"count":4,"href":"https:\/\/blog.cbs.dk\/greensort\/wp-json\/wp\/v2\/pages\/65\/revisions"}],"predecessor-version":[{"id":214,"href":"https:\/\/blog.cbs.dk\/greensort\/wp-json\/wp\/v2\/pages\/65\/revisions\/214"}],"wp:attachment":[{"href":"https:\/\/blog.cbs.dk\/greensort\/wp-json\/wp\/v2\/media?parent=65"}],"curies":[{"name":"wp","href":"https:\/\/api.w.org\/{rel}","templated":true}]}}